*k - 15. Let s(x) = 3*x + 5. Let f be s(6). Let u = f - k. What are the prime factors of u?
2
Suppose -3*u = -2 - 1. Let t(p) = -p**3 - 4*p**2 + 5*p - 5. Let k be t(-5). List the prime factors of 22 - u - (-4 - k).
2, 5
Let p(c) = -c**3 + 9*c**2 + 4. Let f be p(9). Suppose 5*r = f*o - 2, -o = 4*o - 3*r - 9. List the prime factors of (-2)/3*-2*o.
2
Let n(q) = -2*q - 8. Let u be n(-6). Let f be (u - -3)/(2/2). Let c(p) = p**3 - 7*p**2 + p + 8. What are the prime factors of c(f)?
3, 5
List the prime factors of (-27)/1*-1 - 0.
3
Suppose 95 = 2*d + 3*d. Suppose d = 5*z + 4, 0 = 4*n + z - 23. List the prime factors of ((-2)/(-2))/(n/65).
13
Suppose -3*v = 2*d - 59, v - 64 = -3*v + d. Let o = 7 + v. What are the prime factors of o?
2, 3
Let f(o) = -o**3 - 5*o**2. Let c be f(-5). What are the prime factors of c - 1/((-2)/28)?
2, 7
Suppose -1 - 1 = q. List the prime factors of ((-3)/(-6))/(q/(-16)).
2
Let y = 31 + 3. Suppose -3*c - y = 3*h - h, 2*c = 3*h + 38. What are the prime factors of (-16)/(-6)*(-21)/h?
2
Let j = 3 - 0. Suppose 14 = y + y + 2*p, -j*y - p + 11 = 0. Suppose y*x - 2 = 2*m, -3*x + 2*m + 4 = -0*m. List the prime factors of x.
2
Suppose 2 = -3*t - 4*i, 3*t - 2*i + i = 8. Suppose -t*w - r + 11 = 0, 2*r + 26 = 2*w + 2*w. Suppose -2*m + w = -2. List the prime factors of m.
2
Let t(u) = -u**2 + 4*u + 7. Let m be t(5). Let r(l) = l**2 + l + 2*l**m - 2*l. List the prime factors of r(2).
2, 5
Let a = 4 + 1. What are the prime factors of (-16)/a*(-20)/8?
2
Let k be (-8)/(-5)*(-15)/(-6). Suppose 3*t + k = 5*t. List the prime factors of 25/t*(-4)/(-5).
2, 5
Let z be -2 + 12/(-1*3). Let q(y) = -y**3 - 5*y**2 + 6*y + 1. Let r be q(z). What are the prime factors of r/(2 - (-7)/(-4))?
2
Let k(l) = -2*l + 1. Let i be k(-2). Suppose 15 = 2*r - i. List the prime factors of r.
2, 5
Let j(i) = i**3 + 5*i**2 + 2*i + 2. Let n be j(-2). Let s = n - 3. List the prime factors of s.
7
Let t be 23/((4/(-12))/(-1)). Suppose b - t = -2*b. List the prime factors of b.
23
Let u(a) = 10*a + 1. List the prime factors of u(4).
41
Let l(x) = 5*x**2 - 3*x + 5. What are the prime factors of l(-5)?
5, 29
Let n = -48 + 53. What are the prime factors of n?
5
Suppose 34 = 4*r - 2*h, -4*r - 2*h = -6*h - 44. Let z = 39 - r. List the prime factors of z.
3, 11
Let x(r) = 2*r + 19. Let l be x(-8). Let s = 8 - 6. Suppose p + l = s*p. List the prime factors of p.
3
Let x = 165 + -118. What are the prime factors of x?
47
Let b(x) be the second derivative of -x**5/120 - x**4/8 + x**3/6 - 2*x. Let u(j) be the second derivative of b(j). List the prime factors of u(-7).
2
Let o(z) be the second derivative of z**3/3 + z**2/2 - 2*z. Let m be o(-9). What are the prime factors of (m - 1)*(-2)/4?
3
Let u(a) be the third derivative of -a**4/24 + a**3/2 - 2*a**2. Let b be u(3). Suppose -5*v + 4*v + 11 = b. List the prime factors of v.
11
List the prime factors of 0 + ((-73)/3)/((-2)/6).
73
Suppose -7*z = -3*z - 8. Suppose 3*o - 5*o = -z. What are the prime factors of o - (0 + 1) - -4?
2
Let k(q) = q. Let v be k(0). Suppose x - 12 = -v*x. What are the prime factors of x?
2, 3
Suppose 3*i - 25 = -2*i. Let k(g) = 1 - 4*g - i + g**2 + 6*g. List the prime factors of k(3).
11
Let s(v) = 259*v**3 + v**2 - v + 2. What are the prime factors of s(1)?
3, 29
Let i(p) = -p - 4. Let z be i(6). Let j = 1 - z. What are the prime factors of j?
11
Suppose -4*f + 5 = -3. Suppose -g = -f*d - 3*g + 12, -4*d - 3*g + 27 = 0. List the prime factors of d.
3
Let n be (10 + -1)/(3/72). Suppose 2*g - 2*w - n = -3*g, -2*w = -4*g + 174. Suppose 4*p - p = g. List the prime factors of p.
2, 7
Let y(n) = 7*n + 4. Let o(c) = -c + 1. Let q(z) = 5*o(z) - y(z). Suppose 3*f + 15 = 0, 4*t - 6 = 2*f - 0*f. What are the prime factors of q(t)?
13
Let i(l) = l**3 - 8*l**2 + 7*l. Let u be i(7). Let r = 8 - u. List the prime factors of r.
2
Suppose 0*j = 5*w - 5*j - 235, 5*j + 149 = 3*w. Suppose 0 = 2*t + 3*h - 48, w + 29 = 3*t - 3*h. What are the prime factors of t?
2, 3
Let p = 21 - 14. List the prime factors of p.
7
Let m = 0 - -15. List the prime factors of m.
3, 5
Suppose 36 = 3*w - 48. Suppose 0*l = -4*l + w. What are the prime factors of l?
7
Let s = -17 - -103. What are the prime factors of s?
2, 43
Let p be (-168)/(-30)*(4 - -1). Let z = 61 - p. List the prime factors of z.
3, 11
Let v(x) = -x**3 + 6*x**2 - 5*x - 2. Let c be v(4). Suppose -2*j + c = 4. List the prime factors of j.
3
Let l = 3 - 1. Let z be l/4 + (-9)/(-2). List the prime factors of ((-3)/z)/(1/(-5)).
3
Let u(f) = -25*f**3 - f. Let g be u(-1). Suppose -2*h = -0*h - g. List the prime factors of h.
13
Let h be -3*(-2 + 3/(-9)). Suppose 4*m - 2 = 14. Suppose 14 = c + n, 4*c = -h*n + m*n + 52. List the prime factors of c.
2, 5
Suppose -3*s - 2*s - 3*k - 90 = 0, 4*s - 5*k + 72 = 0. Let m(i) = -i**2 + 6*i + 2. Let g be m(7). Let t = g - s. List the prime factors of t.
13
Suppose 0 = 5*y - 17 + 2. Suppose 0 = -r + y*r - 18. What are the prime factors of r?
3
Suppose -4*y = -4, 0*x - y + 33 = 4*x. Suppose x - 58 = -5*n. What are the prime factors of n?
2, 5
Let d(k) = -k**3 - 2*k**2 - 2*k - 2. Let i be (-4)/(-5)*15/(-6). List the prime factors of d(i).
2
Let r = 0 + 2. What are the prime factors of (r/3)/(3/54)?
2, 3
Let x = 12 - 6. Suppose -8*f = -5*f - x. List the prime factors of f.
2
Let c(s) = -s + 7. Let y be c(7). Suppose -5*p - 3*v + 18 + 118 = y, -p = -3*v - 38. List the prime factors of p.
29
Let q(o) = -7*o - 21. List the prime factors of q(-11).
2, 7
Suppose 4*m + 8*k - 4 = 4*k, -5*m - 25 = -k. Let i(y) = -y**3 - 3*y**2 + 2*y + 4. List the prime factors of i(m).
2, 3
Suppose -3*t = -7*t. Let d = 16 + -14. Suppose -4*y + 19 = -a, d*y - 5*a - 2 - 3 = t. What are the prime factors of y?
5
Let b = -11 + 9. List the prime factors of b + (32 + -4 - 4).
2, 11
Let o(g) = 5 + 2*g - 2*g - 7*g + 1 + g**2. Let v be o(4). Let r = v + 11. What are the prime factors of r?
5
Suppose -5*i + 68 = -32. Let c = -16 + i. What are the prime factors of c?
2
Suppose 3*f + 1 = 439. Suppose -5*r = -2*c - 118, 0 = 4*r - 3*c + 53 - f. What are the prime factors of r?
2, 3
Let c = 75 + -49. What are the prime factors of c?
2, 13
Let o = -369 + 576. List the prime factors of o.
3, 23
Suppose -15 = 3*g - 4*g. Suppose -4*c = c - g. What are the prime factors of c?
3
Let b be -2 - (-5)/((-10)/16). Let s be (-2 + 7)*(-4)/b. Suppose 0 = s*f - 6*f + 16, 4*f - 20 = -d. What are the prime factors of d?
2
Let z(a) = 3*a**2 - 2*a + 3. Let k be 20/(-6)*36/(-30). List the prime factors of z(k).
43
Let u(v) = -v**3 - 4*v**2 + 2*v - 4. Let s be u(-4). Let w be (-4)/(-10) - s/(-5). List the prime factors of w + 2 - (-14)/1.
2, 7
Let t(a) = -a**2 - 4*a - 1. Let k be t(-3). Suppose -k*n = -4*n - 2, 3*n = -m + 14. What are the prime factors of m?
17
Let j = 7 - 7. Suppose -c + 3*c + 6 = j. Let u(y) = -y**2 - 5*y + 2. What are the prime factors of u(c)?
2
Let u(g) = -2*g - 7. Let s(p) = -3*p - 11. Suppose 6*m + 25 = m. Let o(v) = m*s(v) + 8*u(v). List the prime factors of o(-3).
2
Let q(n) = 2*n + 9. List the prime factors of q(-3).
3
Suppose 3*r = r - 26. Let c = r - -42. List the prime factors of c.
29
Suppose -5*z = 2*u - 3, -u + 2*z - 5 = -20. Suppose -4*o - 1 = -u. List the prime factors of o.
2
Let p(w) be the first derivative of -7*w**4/2 + w**3/3 + w**2 + w + 8. Suppose 2 + 2 = -4*h. List the prime factors of p(h).
2, 7
What are the prime factors of (-21)/4*(-8)/3?
2, 7
Suppose -535 + 115 = -6*w. List the prime factors of w.
2, 5, 7
What are the prime factors of 9/2*420/45?
2, 3, 7
Let a = 127 - 15. List the prime factors of a.
2, 7
Let w = 3 - 4. Let i be (w - -2)/((-1)/(-17)). Suppose h + j + 2*j - 11 = 0, 0 = 5*h - 4*j - i. What are the prime factors of h?
5
Let s = -248 - -385. Suppose 5*p = 4*x - s, -x - 5*p + 205 = 4*x. What are the prime factors of x?
2, 19
Let s(i) = -3*i**3 + i**2 - 1. Let t be ((-1)/(-3))/(-1)*3. Let l be s(t). Let d(c) = c**2 + 2*c + 6. What are the prime factors of d(l)?
3, 7
Suppose n + 8*j - 3*j = 128, -4*n + 617 = -j. What are the prime factors of n?
3, 17
Let p = 108 - -180. List the prime factors of p.
2, 3
Let a be (34/(-6))/((-1)/9). Let q = a + -33. What are the prime factors of q?
2, 3
Suppose -3*k = -7*k + 16. Let q(v) = -v**3 + 6*v**2 - 5*v - 1. What are 